What is the highest common divisor of q and 230?
46
Let u be (81/(-12))/(-6*2/16). Let q = 16 - 8. Let g be 135/(-10)*q/(-6). Calculate the highest common factor of u and g.
9
Suppose 3*i = -3*k + 2619, 10*k = 7*k + 6*i + 2601. What is the highest common divisor of 1072 and k?
67
Suppose 3*s - 104 - 34 = 0. Let v = -41 + 13. Let o be (-962)/(-14) + (-8)/v. What is the highest common divisor of o and s?
23
Suppose 3*i = 162 - 177. Let o be 64 + (-1 - i - 2). What is the greatest common factor of 6 and o?
6
Let g be 752/22 - (-5 + 513/99). Suppose g = l + 21. What is the greatest common factor of l and 39?
13
Let p be 21*-9*(44 - 46). What is the highest common factor of p and 742?
14
Suppose -127*s = -95*s - 45760. Calculate the greatest common factor of s and 20.
10
Let k be (-182)/(-6) + (-8)/6 - 5. Suppose 23*f = 22*f + k. What is the highest common factor of 108 and f?
12
Let x be 82/738 + (-4534)/(-18). Calculate the greatest common divisor of 189 and x.
63
Suppose -2*b - 20 = 3*b, -2*b = 4*l - 792. Let j = 58 + -53. Suppose -j*q = -2*q - 75. Calculate the highest common divisor of q and l.
25
Let u be (-2)/((-1 - 0)*2/17). Let y(q) = 8*q - 31. Let n be y(u). Let p(b) = 4*b**2 + 14*b. Let l be p(-5). Calculate the highest common divisor of n and l.
15
Let o be 3 - (1 - 2 - -1). Let c(k) = k**3 - k**2 - k - 3. Let y be c(o). Let l be ((-1190)/952)/(10/(-288)). What is the highest common factor of y and l?
12
Let a = 623 - 468. Suppose 52 + 1 = l + 3*b, b - 183 = -3*l. What is the highest common divisor of l and a?
31
Let m be 6/14 + ((-36)/(-2))/((-168)/(-752)). Calculate the highest common factor of 4509 and m.
27
Suppose -2*r + 168 = 3*t, -3*r + 48 = 4*t - 204. Let w(o) = -o**3 - 11*o**2 - 60*o - 221. Let c be w(-7). Calculate the greatest common factor of c and r.
3
Let i(g) = 22*g**2 + 104*g + 294. Let m be i(25). Calculate the highest common divisor of 228 and m.
228
Suppose 6*z - 495 = 2*z - 5*x, 2*x + 530 = 4*z. Suppose -5*f + f + 124 = -d, 5*f - z = -5*d. What is the highest common divisor of 20 and f?
10
Suppose 0 = 8*w - w - 4*w. Suppose 2*v + 3*g = 9, w = -3*v + 14*g - 11*g + 51. Calculate the greatest common divisor of 188 and v.
4
Suppose -19*x + 23*x = -3*h + 161, 2*x + 3*h - 73 = 0. Calculate the highest common factor of 176 and x.
44
Let p be 1/(-3) - ((-120)/9 - -3). Suppose -18*c = -13*c - p. Suppose -8 = -c*q, 0 = -3*x + 4*q - 5*q + 13. Calculate the greatest common divisor of 27 and x.
3
Let p(l) = 33*l + 430. Let f be p(-12). What is the highest common factor of 238 and f?
34
Let y be (-28)/(-6) + 14/(-21). Suppose -y*a + 94 = 22. What is the greatest common divisor of a and 66?
6
Let s = -9 - -49. Suppose -s = -4*i + 4*o, 0*i - 3*o + 10 = 2*i. Let q be ((-1)/((-6)/4))/(3/252). What is the highest common factor of i and q?
8
Let b(f) = 10*f**2 - 192*f - 1537. Let x be b(-8). What is the greatest common factor of x and 2769?
213
Let f = 23 - 7. Suppose 0*z + z - f = 0. Let k = 187 + -59. What is the greatest common divisor of z and k?
16
Suppose 4*g + 28*u - 26*u - 5510 = 0, 3*g - 4150 = -5*u. What is the greatest common factor of 125 and g?
125
Let u(q) = -2*q**2 + 4*q + 344. Suppose 24*z + 0*z = -32*z. Let c be u(z). What is the greatest common divisor of c and 43?
43
Let q be ((200/(-5))/4)/(0 + (-14)/21). What is the highest common factor of q and 174?
3
Let z be 5 + (-7)/(-2)*1940/70. Let r be z/(-119)*-49*7. Calculate the highest common factor of r and 42.
42
Suppose -5*n - 38*n = -108446. Calculate the greatest common divisor of 13 and n.
13
Let s = -1483 - -2463. What is the highest common divisor of 100 and s?
20
Suppose 5*f - 133 = 2*f - 5*t, 4*t = -3*f + 131. Let c = f + -33. Suppose -3*l + c*l - 770 = 0. Calculate the greatest common factor of 14 and l.
14
Suppose 2*q + 19*o = 18*o + 63, 5*q - 3*o - 174 = 0. Calculate the greatest common divisor of 9075 and q.
33
Suppose -126 = -4*w + 2*n, 7*n - 4*n = -5*w + 185. Let r = w + 164. Calculate the greatest common divisor of r and 54.
18
Let u be (-6)/14 - ((-108)/(-702) - 515113/91). Calculate the greatest common factor of 20 and u.
20
Suppose -2*a = -7*a - 15. Suppose -3*k + 15 - 24 = 0. Let l be 2*((-35)/k + 2/a). What is the greatest common divisor of l and 198?
22
Suppose -7*f + 14*f = 7. Let n be (-3 + 0)/f - (-549 + 2). Calculate the greatest common factor of n and 17.
17
Let d = 2875221 - 2875209. Let b be ((-1)/(-2))/((-2)/(-1492)). Let o = 589 - b. Calculate the highest common divisor of d and o.
12
Let u be (84 - 8)*38/2. Suppose -8*j + 344 = o - 3*j, 4*o + 3*j = u. Calculate the greatest common factor of 56 and o.
28
Suppose -465 = -5*h - 105. Let w(g) = g - 3*g**2 + 7*g**2 - 4 + g**2 - 3*g. Let o be w(2). What is the highest common factor of o and h?
12
Let p be 3/(-8)*68*((-9)/(-3) + -43). What is the highest common factor of p and 44?
4
Let m be (6/5)/1*20*225/4. Calculate the highest common divisor of 216 and m.
54
Let f = -13 - -43. Let u be (-6)/15 + 222/f. Let b(k) = k**3 + 12*k**2 + 19*k - 3. Let l be b(-10). Calculate the highest common divisor of u and l.
7
Let c(t) = t**2 + 92*t + 967. Let d be c(-12). Let u(o) = -o**3 + 5*o**2 + 25*o + 1. Let h be u(8). What is the highest common factor of d and h?
1
Let l be ((-32)/(-6))/((-4)/(-552)). Suppose -88221 + 16967 = -1167*y - 382*y. Calculate the greatest common divisor of l and y.
46
Let u(q) = -56*q**2 + 16*q**2 + 20*q**2 + 21*q**2 - 16 + 12*q. Let a be u(-13). Let m be a + 4/(-8)*-70. Calculate the highest common divisor of 80 and m.
16
Let v(q) = -187*q + 3060. Let o be v(-6). What is the greatest common factor of 204 and o?
102
Let w be (-370)/2960 + (-65)/(-8) + -1. Calculate the greatest common divisor of w and 1400.
7
Suppose 1543 = -122*s - 60*s + 9733. Calculate the highest common factor of s and 2367.
9
Suppose -1405 + 365 = -20*d. What is the greatest common factor of 403 and d?
13
Let j(r) = -r**3 + 8*r**2 + 8*r + 3. Let n be j(7). Let t = 30 - n. Let x = 85 + t. Calculate the highest common divisor of 112 and x.
7
Let x be 2*((-4)/(-26) + (-122343)/1014). Let h = -226 - x. What is the greatest common factor of 105 and h?
15
Let z be 3087 + (2255/(-495) - (0 - 12/(-27))). Calculate the highest common factor of 46 and z.
46
Let r(b) = -b**2 - 41*b - 40. Let q be r(-16). Let v = -359 + q. Calculate the greatest common factor of v and 2.
1
Suppose -347 = -5*t + a, -2*t - 2*a + 52 + 94 = 0. Let p = 1 - 7. Let l = p + 20. What is the highest common divisor of t and l?
14
Suppose -4*m + 78 = -q, 5*m = -0*m + 15. Let g = -6 - q. What is the greatest common factor of g and 460?
20
Let a be 6/(-20) - (-4551546)/1020. What is the highest common factor of a and 184?
46
Let z(f) = -42*f - 3397. Let o be z(-81). Calculate the highest common divisor of o and 4685.
5
Let i(u) = -u + 46. Let z be i(-14). Suppose z = 7*o - 10*o. Let b = 42 + o. Calculate the highest common divisor of 176 and b.
22
Let z be 6/14 + 10 + 22848/196. What is the greatest common factor of 13970 and z?
127
Suppose 211*q - 100*q - 16720 = 100*q. What is the greatest common divisor of 475 and q?
95
Let t(s) = -s**2 - 99*s - 435. Let z be t(-18). What is the greatest common factor of 99 and z?
33
Let o = 12311 - 10632. What is the greatest common factor of 23 and o?
23
Suppose 5*b - b = 184. Suppose h + 684*n = 689*n - 7, 0 = -4*h - 4*n + 20. Suppose q = h*a - b, a = q + 4 + 12. What is the highest common factor of a and 10?
5
Suppose 19 = 5*f - 56. Let k(a) = a**3 + 29*a**2 - 29*a + 35. Let u be k(-30). Suppose -f = u*h - 45. What is the greatest common factor of 6 and h?
6
Let w = -120 - -120. Suppose -3*p - 3*h + 6 = w, 4*h - 13 = -7*p + 2*p. What is the highest common divisor of p and 55?
5
Let t(y) = 44*y - 72. Let s be (135/(-225))/(2/(-10)). Let o be t(s). What is the highest common divisor of 105 and o?
15
Suppose f + 3*q + 10 = 0, 5*f + 4*q = -13 - 81. Let y = f + 31. Let c(a) = -a**2 + 14*a - 12. Let n be c(y). Calculate the highest common divisor of 3 and n.
3
Let y = 126 + -116. Let n be 72/4*5/2. Calculate the greatest common factor of n and y.
5
Suppose 0 = 2*c - 1885 - 48163. Let z be (-1)/(-7) - c/238. Let l = z - -113. What is the highest common factor of l and 56?
8
Let w(b) = -1009*b + 309. Let z be w(